f 4 and p?
2
Suppose j + 38 = h, -5*h + 124 = j - 48. Let n be 2 - -3 - 0/(-5). What is the highest common factor of h and n?
5
Suppose h = 4*p, 3 = 4*p + h + 11. Let v(x) = -17*x**3 - x**2. Let y be v(p). Let l be (-1)/(-3) + 33/9. Calculate the highest common factor of y and l.
4
Suppose 6 = -4*l + 30. What is the highest common divisor of l and 2?
2
Let o(d) = 6*d**2 - 2*d - 6. Let x(f) = -f + 1. Let g be x(6). Let v be o(g). Let t = v + -99. What is the greatest common divisor of t and 11?
11
Let u be ((-15)/4)/((-3)/8). Suppose 0 = b - 1 - 12. Let i = -11 + b. What is the highest common divisor of u and i?
2
Suppose -33*c + 20 = -31*c. What is the highest common factor of 110 and c?
10
Let i(b) = -31*b + 1. Let a be i(-1). Let t = 137 - 45. Let q = 140 - t. Calculate the highest common divisor of q and a.
16
Suppose 5*b + 1 - 21 = 0. Suppose -5*z - c + 184 = 0, -b*z + 160 = z - 5*c. What is the highest common factor of 24 and z?
12
Let o(c) be the first derivative of -c**2 + 9*c + 4. Let q be o(-7). What is the highest common factor of 161 and q?
23
Suppose v + 15*v - 80 = 0. Calculate the greatest common factor of v and 40.
5
Suppose a = -4*o - 8, -a - 5*o - 61 = -4*a. Let r be (-2)/11 + 2/11. Suppose 0 = -5*m - r*m + 420. What is the highest common divisor of m and a?
12
Suppose -2*c = -3*c + 6. Calculate the greatest common factor of 6 and c.
6
Suppose 0 = 9*w - 6*w + 27. Let s(g) = g**2 + 5*g - 11. Let a be s(w). Calculate the highest common factor of a and 275.
25
Let g = 49 - 1. Let l = -44 - -76. Calculate the highest common factor of l and g.
16
Let n be (-2)/(-4) - 71/(-2). Let w be 4/(-6) + (-74)/(-3). Calculate the highest common factor of w and n.
12
Suppose 9*m - 135 = 4*m. Calculate the highest common factor of m and 243.
27
Let i be (-184)/(-10) - (-4)/(-10). Suppose 4*r + 8 = 8*r. What is the greatest common factor of r and i?
2
Let d(a) = -a**3 - 5*a**2 - 5*a - 6. Let i be d(-6). Calculate the highest common divisor of i and 40.
20
Suppose 0*u = -u + 4. What is the greatest common factor of u and 36?
4
Suppose -m = -5*g + 182, -3*m + 1 = 7. What is the greatest common factor of g and 24?
12
Let l(o) = -o**3 - 7*o**2 - 8*o - 1. Let f be l(-7). Let r(h) = -h**3 + h + 22. Let z be r(0). What is the highest common factor of z and f?
11
Let o be (-1 + -5)/(-3)*1. Let c be 1/(3 - o) - -14. What is the highest common factor of c and 5?
5
Let l = -5 + 9. Suppose -o + 23 = 3*i, -l*o + o = -i + 11. Calculate the highest common divisor of 8 and i.
8
Let t = -3 + 3. Suppose -24 = -5*v + 136. Suppose t = j + 3*y - v, -4*j + 159 = -y + 31. What is the highest common factor of j and 48?
16
Suppose 2*q + q + 65 = 5*w, 0 = -4*w - 5*q + 89. Let i be -1*1/2*8. Let p be (i/(-2))/(6/12). What is the greatest common factor of w and p?
4
Let z be (1/3)/(6/(-36)). Let y be 2 - (-61 + z + 2). Calculate the greatest common divisor of 7 and y.
7
Let g be 6/(-15) - 12/(-5). Suppose -5*d + 0*d = -10. Suppose 0*a + 12 = d*a. Calculate the highest common factor of g and a.
2
Suppose 3*g - 4*y - 48 = -g, 0 = 4*g + y - 33. Calculate the highest common divisor of 9 and g.
9
Suppose -m = 0, 0 = 4*p - p - 4*m - 21. What is the greatest common factor of 77 and p?
7
Let d(q) = q + 11. Let y be d(-9). Suppose -4*c - 3*t = -7, -c + 6 = y*t + 3*t. What is the greatest common divisor of c and 3?
1
Suppose 7*z = 8*z. Suppose z = -4*y - 0*y + 96. What is the greatest common divisor of 12 and y?
12
Let r(i) = i**2 + 4*i. Let s be r(-5). Suppose -s*t + 2 = -4*t. Suppose -6*o + 2*o + 4*k = -20, -k + 25 = t*o. What is the greatest common factor of 2 and o?
2
Suppose l - 2 = -1. Suppose 25 = 4*i + l. What is the highest common factor of 3 and i?
3
Let j be -2*(0 + 27/(-6)). What is the highest common divisor of j and 27?
9
Let q = 145 + 63. What is the highest common factor of 26 and q?
26
Suppose -3*n + 4*v = -4, -5*n - 5*v = -4*n - 14. Let s = 5 + n. Calculate the highest common factor of s and 36.
9
Suppose 4*d + 16 = 4*t, 3*t - 4*d - 10 = 2*t. What is the greatest common divisor of 2 and t?
2
Let d = 49 + -9. Calculate the highest common divisor of 60 and d.
20
Let d(f) = 39*f**2 + 2*f. Let m be d(2). Let o(y) = -y**2 - 12*y. Let l be o(-10). Calculate the greatest common divisor of l and m.
20
Let i be (0 - 1)/((-9)/108). Let w = 3 - 3. Suppose -2*s + 4*k + 4 = -16, 4*s + 3*k - 51 = w. What is the highest common factor of i and s?
12
Let o(z) = -z**3 - 17*z**2 - 22*z + 12. Let b be o(-16). What is the highest common factor of 27 and b?
27
Let l(w) = 19*w**2 + w - 1. Let c be l(1). Calculate the greatest common factor of 133 and c.
19
Let u = -11 + 11. Suppose u = h - 3. Suppose h*a - 4*a = -3*m - 37, 225 = 5*a - 5*m. What is the highest common divisor of a and 7?
7
Let l = 23 + -18. Suppose l*n - 112 = n. Calculate the highest common factor of n and 14.
14
Suppose -5 = -5*l + 5, g + 2*l - 18 = 0. Let y = g + -8. Let p be (6/9)/(1/18). Calculate the highest common divisor of p and y.
6
Suppose -3*a + 15 = 3*y - 0*y, 4*y + 5*a = 21. Suppose 6*n = y*n + 100. What is the highest common factor of 10 and n?
10
Suppose 0 = -4*k + 128 - 24. Let v(j) = j**2 - j - 3. Suppose -46 = -4*q - 18. Let o be v(q). Calculate the highest common factor of k and o.
13
Suppose 2*q - o = 2*o, 2*q - 5*o + 4 = 0. Suppose -q*b = 2 - 8. Let c be ((-2)/(-5))/((-1)/(-15)). Calculate the highest common divisor of b and c.
2
Suppose -f = -4*f + 33. What is the highest common divisor of f and 33?
11
Let t = 4 - 3. What is the highest common factor of t and 9?
1
Suppose 0 = 4*l - 4*v - 116, l = 3*l + 5*v - 72. Let j = l + -21. Suppose 0 = -3*p - 2*p + j. What is the greatest common divisor of p and 2?
2
Let d = -26 - -27. What is the greatest common factor of 8 and d?
1
Suppose r + 10 = 5*m - 7, -3*r = 4*m - 6. Let f(g) = 3*g - 1. Let y be f(m). Let o(s) = 3*s + 4. Let q be o(4). What is the highest common divisor of q and y?
8
Suppose 2*o + o - 3*y - 21 = 0, -4*o - 2*y + 34 = 0. What is the highest common divisor of 88 and o?
8
Suppose -5*g + 4*g = 0. Let i = g - -4. Suppose -3*b - i*q - 89 = -220, -2*b = q - 89. Calculate the greatest common divisor of 5 and b.
5
Let b(r) be the first derivative of -r**4/4 + r**3/3 + r**2/2 - 2. Let y be b(-2). Suppose 0 = -o + 6*o - 100. What is the highest common divisor of o and y?
10
Let s be (-4)/16 + 17/4. Suppose -5*g + 22 = -y, 0 = 2*g - y - 10. What is the highest common divisor of s and g?
4
Suppose -4*d + 121 = -3*j + 19, 0 = 4*d - 5*j - 98. What is the highest common divisor of d and 108?
27
Suppose -u + 27 = 2*u. Let t be u/3 - 27*-3. Let k = t - 49. Calculate the highest common divisor of k and 7.
7
Let z(d) = -4*d. Let m be z(-1). Suppose -5*f + h = -401, 0*f - m*f = -4*h - 324. What is the highest common factor of 32 and f?
16
Let w = 17 - 1. Suppose -5*d - 5*z = -123 - 622, -2*d + 2*z + 278 = 0. What is the greatest common factor of w and d?
16
Let p = 1 - -5. Let m be (-2)/8 - (-27)/12. Let u be (-4)/24*m*-6. What is the highest common divisor of u and p?
2
Let j be (2/(-5))/(4/(-20)). Suppose -r - j*r + 81 = 0. Calculate the greatest common factor of r and 54.
27
Let k(n) = n**2 - 3*n + 0*n + 4*n. Let i be k(3). Calculate the greatest common divisor of i and 30.
6
Let p = 0 - -10. What is the greatest common factor of p and 70?
10
Let n be 754/9 + (-4)/(-18). Let i be (-128)/(-10) + (-8)/10. Calculate the highest common divisor of i and n.
12
Let w(a) = -a - 2. Let n be w(-6). Suppose 4*x = 2*x + n*z + 28, -1 = x + 3*z. Let m = 60 - 4. What is the highest common divisor of x and m?
8
Let c = 6 - 4. Suppose 3*g + c*g = 4*o - 55, -3*o + 33 = -g. Calculate the greatest common divisor of o and 10.
10
Suppose -4*x - 8 = -5*a + 88, 5*a - 88 = 2*x. Calculate the highest common factor of a and 64.
16
Suppose 5*r + 3*h - 256 = 5*h, 5*r + 4*h = 238. Calculate the highest common factor of 10 and r.
10
Suppose p + 3*v = -v + 20, 3*v = 2*p - 84. Let a = -21 + p. Let g be (-2)/(-1) + 1 + 0. Calculate the greatest common factor of g and a.
3
Suppose 5*o - 20 = -0*g - 2*g, 3*g = -2*o - 3. Let h be 6/(-3)*2/(-4). What is the highest common factor of o and h?
1
Let b be (11/2*-76)/(-2). What is the greatest common factor of 19 and b?
19
Suppose 4*n = 41 - 1